0*c - 14. List the prime factors of p.
2
Let k = 554 - 378. What are the prime factors of k?
2, 11
Suppose -3*j + 3 = -12. Let g = 8 - j. Let q = 5 - g. List the prime factors of q.
2
Let p be (-2)/(-3)*18/4. Suppose p*u - 4*m - 171 = 0, 4*u = 5*u - 2*m - 59. What are the prime factors of u?
53
Let c(p) = p**3 - 7*p**2 - 6*p + 2. What are the prime factors of c(8)?
2, 3
Let d be 80/(-6)*18/(-4). Suppose -5*f + x = 6*x - d, 0 = f + 4*x + 3. List the prime factors of f.
17
Let n = 87 - 38. What are the prime factors of n?
7
Let w be (-3)/((-7)/2 - -2). Suppose l - w*l = -11. What are the prime factors of l?
11
List the prime factors of (-40)/4*(-21)/15.
2, 7
Let u(y) = 7*y**3 - y - 1. Let k be u(-1). Let t = 18 - k. What are the prime factors of t?
5
Let p = 14 - 12. Suppose -u + 5*d - 23 = 0, -2*u - d + p + 7 = 0. What are the prime factors of u?
2
Suppose 5*f - 3*f = 4. Suppose -4*r = -2*j - 50, f*j = -3*r - 0*j + 20. List the prime factors of r.
2, 5
Let w = -5 + 21. Let q = w + -4. List the prime factors of q.
2, 3
Suppose 4*t - o - 202 = o, 105 = 2*t + 3*o. What are the prime factors of t?
3, 17
Let z(f) = -3*f + f**2 - 4 + 2*f + 5*f. Let q be z(-5). List the prime factors of (-21)/12*(-3 - q).
7
Let n(s) = s**2 - 7*s + 6. Let w be n(7). Suppose -3*q + w = -15. List the prime factors of q.
7
Suppose 10 = -5*h, 3*h + 15 + 3 = 4*n. What are the prime factors of n?
3
Let x = 25 - 41. Suppose -4*r = -2*q + 46, 0 = -q - 4*r + 21 + 14. Let p = q + x. List the prime factors of p.
11
Suppose 10 = 2*d + 3*d. Let o be ((-6)/4)/(2/(-4)). Suppose 20 = d*a + o*a. List the prime factors of a.
2
Let w(k) = -k**3 + 14*k**2 - 10*k + 21. Let s be w(13). Let x(z) = -z**2 - 5*z + 4. Let i be x(-5). Suppose 9*m = i*m + s. What are the prime factors of m?
2, 3
Let d(i) be the second derivative of i**3/6 - 5*i**2 - 2*i. Let t be d(10). List the prime factors of 2*((-9)/(-6) - t).
3
Let n = 52 - 27. Suppose -5*k = -0*k + n. Let g = 11 - k. What are the prime factors of g?
2
What are the prime factors of (1 + 4/(-6))*294?
2, 7
Let l(w) be the second derivative of 7*w**3/6 - 11*w**2/2 - 4*w. What are the prime factors of l(7)?
2, 19
Suppose 4*r = 3*r + 18. What are the prime factors of r?
2, 3
Let o = 224 + -108. List the prime factors of o.
2, 29
Suppose -5*b = -5*d - 150, -2*b - 4*d + 77 = 29. What are the prime factors of b?
2, 7
Let k be 87/6 + (-1)/2. Let l be 46/k + (-2)/7. Suppose -2*z - 4*b + 32 = 2*z, 0 = l*z - 5*b + 16. What are the prime factors of z?
3
Let f(i) = -i**2 - 10*i + 14. What are the prime factors of f(-7)?
5, 7
Suppose 0*p + 3*t - 3 = 3*p, -4*p + t = -2. Suppose p + 3 = 2*w. Suppose 30 = w*k + k. What are the prime factors of k?
2, 5
Suppose -9 = -3*t + 3*b, b + b - 10 = 0. Suppose 0 = -t*z + 10*z - 10. What are the prime factors of z?
5
Let y be (1 - (-2 + 2)) + 2. Let s be (-1)/(-2*y/(-36)). List the prime factors of (-44)/6*s/4.
11
Suppose -t - 170 = -3*w, -5*w + 5*t + 245 = -w. What are the prime factors of w?
5, 11
Suppose 2*s + 284 = 2*f, 2*f = s - 141 + 422. List the prime factors of f.
139
Let r(f) = -3*f + 19. List the prime factors of r(-10).
7
Let z be ((-2)/2 + 2)*49. Suppose 2*u - 22 = -j, 5*u + 2*j - z = -2*j. Suppose -q = 4 - u. List the prime factors of q.
3
Suppose -56*o = -54*o - 422. What are the prime factors of o?
211
Let z = 3 + -1. Suppose -4*q = 2*l - 14, z*l - 7*l = -3*q + 4. List the prime factors of q.
3
Let n(r) = -r. Let c be n(-2). Suppose -i + 64 = 2*i + c*h, 3*i - 4*h - 70 = 0. List the prime factors of i.
2, 11
Suppose 13 = w - 3*w + 5*l, -7 = -2*w + l. Suppose -q - 150 = -w*q. Suppose -3*g - 3*c + q = 0, -4*g + 33 = 3*c - 8. List the prime factors of g.
11
Let i(b) = b**3 + 9*b**2 - 12*b - 15. Let p be i(-10). Suppose -23 = -2*y + 4*c + 9, -4*y = -p*c - 55. Suppose y - 2 = 2*l. What are the prime factors of l?
2
Let n = 21 - 6. Suppose -5*f = -3*f - 8. Suppose -f*t + n = -13. List the prime factors of t.
7
Let i = 10 - 5. Suppose -3*g - 13 = -i*d, -2*d = 2*d + 5*g - 40. Suppose 2*l - 3 = d. List the prime factors of l.
2
Let n(x) = -x**3 + x**2 - x + 5. Let w be n(0). Suppose -5 = -3*i - b, -9 + 34 = -w*i + 5*b. Suppose i = 3*a - 8*a + 35. List the prime factors of a.
7
Let k(d) = -21*d - 5. What are the prime factors of k(-2)?
37
Let l = 263 + 14. List the prime factors of l.
277
Let a(w) be the first derivative of w**3/2 - 3*w**2 - 3*w - 2. Let g(f) be the first derivative of a(f). List the prime factors of g(6).
2, 3
Suppose -16*m = -13*m - 195. What are the prime factors of m?
5, 13
Let u(l) = -l - 2. Let f be u(5). Let k(d) = -d**2 - 9*d + 1. What are the prime factors of k(f)?
3, 5
Let l(r) = -2*r**2 + 10*r + 2. Let g be l(11). Let z = 85 + g. What are the prime factors of 1/5 - 756/z?
17
Suppose 70 = w - 6*w. Let f = w - -48. Let o = f + -17. List the prime factors of o.
17
Suppose 0 = 3*t - 20 - 7. Suppose -t = 3*d - 4*r - 4, -d = 4*r - 25. What are the prime factors of d?
5
Suppose -3*l = 2*q - 269, -5*l + 470 = q + 31. List the prime factors of l.
3, 29
Suppose 11*b - 36 = 7*b. Suppose b*o = 5*o + 56. List the prime factors of o.
2, 7
Suppose -41*t + 43*t = 136. What are the prime factors of t?
2, 17
Suppose -3*h = 2*m - 290, 5*h = 3*m - 5*m + 478. List the prime factors of h.
2, 47
Let g(u) = 4*u**2 + 7*u. List the prime factors of g(5).
3, 5
Let m = 20 + -30. List the prime factors of 0 + 5/(m/(-4)).
2
Let o(b) be the third derivative of 1/120*b**6 - 1/6*b**4 + 0 + 0*b - 1/60*b**5 - 2*b**2 + 1/2*b**3. List the prime factors of o(3).
3
Suppose -5*p = -697 - 388. What are the prime factors of p?
7, 31
Suppose 0 = -5*q + 3*q + 36. List the prime factors of (q/4)/((-2)/(-4)).
3
Let x = -4 + 3. Let t be 2 + 0 + (0 - x). Suppose 10 = -5*f - 5*l, -t*f + 1 = 4*l + 11. List the prime factors of f.
2
Suppose -5*j + 17 = -4*o, -3 = -2*j + 3*o + 8. Suppose j - 9 = 2*c. Let g = 6 + c. List the prime factors of g.
2
Let j(k) = -k**3 - k**2 + 6*k + 5. Let s be j(-4). Suppose -5*n - 3*z - s = -2*z, 1 = -n + z. Let y(v) = v**2 + 3*v - 1. List the prime factors of y(n).
3
Let m(i) = 2*i - 17. Let j be m(16). Suppose 93 + j = 3*p. List the prime factors of p.
2, 3
Suppose -2*o = -0*o - 4*f + 48, -2*o - f = 33. Suppose 5*h + 145 = 4*r, 4*h - 4*r + 116 = r. Let g = o - h. What are the prime factors of g?
11
List the prime factors of 6 + -2 + (-153)/(-3).
5, 11
Let a = 17 + -35. What are the prime factors of (4/6)/((-4)/a)?
3
Let w(o) = 3*o**3 + o**2 - 4*o + 5. Let r be w(4). Suppose -4*p = 65 - r. List the prime factors of p.
3, 11
Let p = -7 + 8. What are the prime factors of 87/p*(-3)/(-9)?
29
Let x = -6 - -18. What are the prime factors of x?
2, 3
Let m(v) = -v**2 - 2*v + 1. Let i be m(-3). Let r be (4/(-7))/(-4) - 250/35. What are the prime factors of 2 + (i + 3 - r)?
2, 5
Suppose 170 = 6*j - j. Suppose 2*v = -0*v. Suppose v = -h - h + j. What are the prime factors of h?
17
Let s(v) = -12*v**3 + 2*v**2 - 1. Let l be s(-1). Suppose -l = 2*w - 49. List the prime factors of w.
2, 3
Suppose -7*c + 12 = -4*c. What are the prime factors of c?
2
Let c(r) = -r**2 - r + 1. Let s be c(1). List the prime factors of (3/(-5))/(s/5).
3
Suppose 8*u = 7*u - 59. Let d = 101 + u. What are the prime factors of d?
2, 3, 7
Let c(m) = 18*m**3 - m**2 - m - 1. List the prime factors of c(2).
137
Suppose -4*a - 24 = -4*t, 3*t + 20 - 3 = -4*a. Let g(q) = 4 + q**2 - t + 5*q + 2*q. List the prime factors of g(-7).
3
Suppose -2*z = -0*z. Suppose -2*w + 26 = -12. Suppose 2*s - c - w + z = 0, 5*c - 70 = -5*s. What are the prime factors of s?
11
Let i be 4/(-6) + (-66)/(-18). Suppose 13 + 11 = -i*q. Let f = 16 + q. What are the prime factors of f?
2
Suppose 3*v = -2*v + 280. What are the prime factors of v?
2, 7
Let q = 134 - -290. List the prime factors of q.
2, 53
Suppose d - 3 = 41. List the prime factors of d.
2, 11
Suppose -3*w = -4*v - 14, -12 = -w + 3*v + 2*v. Suppose -7*t = -w*t - 15. List the prime factors of t.
3
Suppose -4*z + 16 - 4 = 0. Suppose 3*h - 6 = k, 4*h + k - 24 = -z*k. What are the prime factors of h?
3
Let w = -58 + 108. Suppose -3*r + w = 2*r. List the prime factors of r.
2, 5
Suppose 5*z + 20 = 0, -4*j + 183 = 2*z - 117. List the prime factors of j.
7, 11
Let z(p) = -4*p + 31. List the prime factors of z(-11).
3, 5
